Dec 01 07:58:08.864 INFO testing natelust/reups against master#8940af3cea4a9a9deabcaf843b2f8cad9a83fc61 for beta-1.31-5
Dec 01 07:58:08.864 INFO running `"docker" "create" "-v" "/mnt/big/crater/work/local/target-dirs/beta-1.31-5/worker-6/master#8940af3cea4a9a9deabcaf843b2f8cad9a83fc61:/target:rw,Z" "-v" "/mnt/big/crater/work/local/test-source/worker-6/beta-1.31-5/master#8940af3cea4a9a9deabcaf843b2f8cad9a83fc61:/source:ro,Z" "-v" "/mnt/big/crater/work/local/cargo-home:/cargo-home:ro,Z" "-v" "/mnt/big/crater/work/local/rustup-home:/rustup-home:ro,Z" "-e" "USER_ID=1000" "-e" "SOURCE_DIR=/source" "-e" "USER_ID=1000" "-e" "CMD=cargo +8940af3cea4a9a9deabcaf843b2f8cad9a83fc61-alt build --frozen" "-e" "CARGO_TARGET_DIR=/target" "-e" "CARGO_INCREMENTAL=0" "-e" "RUST_BACKTRACE=full" "-e" "RUSTFLAGS=--cap-lints=warn" "-e" "CARGO_HOME=/cargo-home" "-e" "RUSTUP_HOME=/rustup-home" "-m" "1536M" "--network" "none" "crater"`
Dec 01 07:58:09.501 INFO [stdout] ad62f10ceafa4cd80c554556ba619a7577328a6ef0ad608354695ddf86eca9d3
Dec 01 07:58:09.504 INFO running `"docker" "start" "-a" "ad62f10ceafa4cd80c554556ba619a7577328a6ef0ad608354695ddf86eca9d3"`
Dec 01 07:58:10.707 INFO [stderr] usermod: no changes
Dec 01 07:58:10.841 INFO [stderr]    Compiling serde v1.0.79
Dec 01 07:58:10.850 INFO [stderr]    Compiling ordermap v0.3.5
Dec 01 07:58:10.850 INFO [stderr]    Compiling textwrap v0.10.0
Dec 01 07:58:12.800 INFO [stderr]    Compiling clap v2.32.0
Dec 01 07:58:14.563 INFO [stderr]    Compiling petgraph v0.4.12
Dec 01 07:58:17.977 INFO [stderr] error[E0034]: multiple applicable items in scope
Dec 01 07:58:17.977 INFO [stderr]     --> /cargo-home/registry/src/github.com-1ecc6299db9ec823/petgraph-0.4.12/src/graph_impl/stable_graph/mod.rs:1171:19
Dec 01 07:58:17.977 INFO [stderr]      |
Dec 01 07:58:17.977 INFO [stderr] 1171 |         self.iter.find_map(|(i, node)| {
Dec 01 07:58:17.977 INFO [stderr]      |                   ^^^^^^^^ multiple `find_map` found
Dec 01 07:58:17.977 INFO [stderr]      |
Dec 01 07:58:17.977 INFO [stderr] note: candidate #1 is defined in an impl of the trait `iter_utils::IterUtilsExt` for the type `_`
Dec 01 07:58:17.977 INFO [stderr]     --> /cargo-home/registry/src/github.com-1ecc6299db9ec823/petgraph-0.4.12/src/iter_utils.rs:5:5
Dec 01 07:58:17.977 INFO [stderr]      |
Dec 01 07:58:17.977 INFO [stderr] 5    | /     fn find_map<F, R>(&mut self, mut f: F) -> Option<R>
Dec 01 07:58:17.977 INFO [stderr] 6    | |         where F: FnMut(Self::Item) -> Option<R>
Dec 01 07:58:17.977 INFO [stderr] 7    | |     {
Dec 01 07:58:17.977 INFO [stderr] 8    | |         while let Some(elt) = self.next() {
Dec 01 07:58:17.977 INFO [stderr] ...    |
Dec 01 07:58:17.977 INFO [stderr] 13   | |         None
Dec 01 07:58:17.977 INFO [stderr] 14   | |     }
Dec 01 07:58:17.977 INFO [stderr]      | |_____^
Dec 01 07:58:17.977 INFO [stderr]      = note: candidate #2 is defined in an impl of the trait `std::iter::Iterator` for the type `std::iter::Enumerate<_>`
Dec 01 07:58:17.977 INFO [stderr] 
Dec 01 07:58:17.999 INFO [stderr] error[E0034]: multiple applicable items in scope
Dec 01 07:58:17.999 INFO [stderr]     --> /cargo-home/registry/src/github.com-1ecc6299db9ec823/petgraph-0.4.12/src/graph_impl/stable_graph/mod.rs:1363:19
Dec 01 07:58:17.999 INFO [stderr]      |
Dec 01 07:58:17.999 INFO [stderr] 1363 |         self.iter.find_map(|(i, edge)|
Dec 01 07:58:17.999 INFO [stderr]      |                   ^^^^^^^^ multiple `find_map` found
Dec 01 07:58:17.999 INFO [stderr]      |
Dec 01 07:58:17.999 INFO [stderr] note: candidate #1 is defined in an impl of the trait `iter_utils::IterUtilsExt` for the type `_`
Dec 01 07:58:17.999 INFO [stderr]     --> /cargo-home/registry/src/github.com-1ecc6299db9ec823/petgraph-0.4.12/src/iter_utils.rs:5:5
Dec 01 07:58:17.999 INFO [stderr]      |
Dec 01 07:58:17.999 INFO [stderr] 5    | /     fn find_map<F, R>(&mut self, mut f: F) -> Option<R>
Dec 01 07:58:17.999 INFO [stderr] 6    | |         where F: FnMut(Self::Item) -> Option<R>
Dec 01 07:58:17.999 INFO [stderr] 7    | |     {
Dec 01 07:58:17.999 INFO [stderr] 8    | |         while let Some(elt) = self.next() {
Dec 01 07:58:17.999 INFO [stderr] ...    |
Dec 01 07:58:17.999 INFO [stderr] 13   | |         None
Dec 01 07:58:17.999 INFO [stderr] 14   | |     }
Dec 01 07:58:17.999 INFO [stderr]      | |_____^
Dec 01 07:58:17.999 INFO [stderr]      = note: candidate #2 is defined in an impl of the trait `std::iter::Iterator` for the type `std::iter::Enumerate<_>`
Dec 01 07:58:17.999 INFO [stderr] 
Dec 01 07:58:18.011 INFO [stderr] error[E0034]: multiple applicable items in scope
Dec 01 07:58:18.011 INFO [stderr]     --> /cargo-home/registry/src/github.com-1ecc6299db9ec823/petgraph-0.4.12/src/graph_impl/stable_graph/mod.rs:1527:19
Dec 01 07:58:18.011 INFO [stderr]      |
Dec 01 07:58:18.011 INFO [stderr] 1527 |         self.iter.find_map(|(i, node)| {
Dec 01 07:58:18.011 INFO [stderr]      |                   ^^^^^^^^ multiple `find_map` found
Dec 01 07:58:18.011 INFO [stderr]      |
Dec 01 07:58:18.011 INFO [stderr] note: candidate #1 is defined in an impl of the trait `iter_utils::IterUtilsExt` for the type `_`
Dec 01 07:58:18.011 INFO [stderr]     --> /cargo-home/registry/src/github.com-1ecc6299db9ec823/petgraph-0.4.12/src/iter_utils.rs:5:5
Dec 01 07:58:18.011 INFO [stderr]      |
Dec 01 07:58:18.011 INFO [stderr] 5    | /     fn find_map<F, R>(&mut self, mut f: F) -> Option<R>
Dec 01 07:58:18.011 INFO [stderr] 6    | |         where F: FnMut(Self::Item) -> Option<R>
Dec 01 07:58:18.011 INFO [stderr] 7    | |     {
Dec 01 07:58:18.011 INFO [stderr] 8    | |         while let Some(elt) = self.next() {
Dec 01 07:58:18.011 INFO [stderr] ...    |
Dec 01 07:58:18.011 INFO [stderr] 13   | |         None
Dec 01 07:58:18.011 INFO [stderr] 14   | |     }
Dec 01 07:58:18.011 INFO [stderr]      | |_____^
Dec 01 07:58:18.011 INFO [stderr]      = note: candidate #2 is defined in an impl of the trait `std::iter::Iterator` for the type `std::iter::Enumerate<_>`
Dec 01 07:58:18.011 INFO [stderr] 
Dec 01 07:58:18.018 INFO [stderr] error[E0034]: multiple applicable items in scope
Dec 01 07:58:18.018 INFO [stderr]     --> /cargo-home/registry/src/github.com-1ecc6299db9ec823/petgraph-0.4.12/src/graph_impl/stable_graph/mod.rs:1573:19
Dec 01 07:58:18.018 INFO [stderr]      |
Dec 01 07:58:18.018 INFO [stderr] 1573 |         self.iter.find_map(|(i, node)| {
Dec 01 07:58:18.018 INFO [stderr]      |                   ^^^^^^^^ multiple `find_map` found
Dec 01 07:58:18.018 INFO [stderr]      |
Dec 01 07:58:18.018 INFO [stderr] note: candidate #1 is defined in an impl of the trait `iter_utils::IterUtilsExt` for the type `_`
Dec 01 07:58:18.018 INFO [stderr]     --> /cargo-home/registry/src/github.com-1ecc6299db9ec823/petgraph-0.4.12/src/iter_utils.rs:5:5
Dec 01 07:58:18.018 INFO [stderr]      |
Dec 01 07:58:18.018 INFO [stderr] 5    | /     fn find_map<F, R>(&mut self, mut f: F) -> Option<R>
Dec 01 07:58:18.018 INFO [stderr] 6    | |         where F: FnMut(Self::Item) -> Option<R>
Dec 01 07:58:18.018 INFO [stderr] 7    | |     {
Dec 01 07:58:18.018 INFO [stderr] 8    | |         while let Some(elt) = self.next() {
Dec 01 07:58:18.018 INFO [stderr] ...    |
Dec 01 07:58:18.018 INFO [stderr] 13   | |         None
Dec 01 07:58:18.018 INFO [stderr] 14   | |     }
Dec 01 07:58:18.018 INFO [stderr]      | |_____^
Dec 01 07:58:18.018 INFO [stderr]      = note: candidate #2 is defined in an impl of the trait `std::iter::Iterator` for the type `std::iter::Enumerate<_>`
Dec 01 07:58:18.018 INFO [stderr] 
Dec 01 07:58:18.307 INFO [stderr] error: aborting due to 4 previous errors
Dec 01 07:58:18.307 INFO [stderr] 
Dec 01 07:58:18.307 INFO [stderr] For more information about this error, try `rustc --explain E0034`.
Dec 01 07:58:18.315 INFO [stderr] error: Could not compile `petgraph`.
Dec 01 07:58:18.315 INFO [stderr] warning: build failed, waiting for other jobs to finish...
Dec 01 07:58:32.230 INFO [stderr] error: build failed
Dec 01 07:58:32.230 INFO [stderr] su: No module specific data is present
Dec 01 07:58:32.679 INFO running `"docker" "inspect" "ad62f10ceafa4cd80c554556ba619a7577328a6ef0ad608354695ddf86eca9d3"`
Dec 01 07:58:32.922 INFO running `"docker" "rm" "-f" "ad62f10ceafa4cd80c554556ba619a7577328a6ef0ad608354695ddf86eca9d3"`
Dec 01 07:58:33.191 INFO [stdout] ad62f10ceafa4cd80c554556ba619a7577328a6ef0ad608354695ddf86eca9d3
